st common divisor of 27 and 63.
9
What is the highest common factor of 510 and 240?
30
What is the greatest common factor of 41 and 2911?
41
What is the highest common factor of 351 and 52?
13
Calculate the highest common divisor of 4 and 368.
4
What is the highest common divisor of 30 and 1670?
10
What is the greatest common factor of 572 and 104?
52
What is the greatest common factor of 87 and 609?
87
What is the greatest common factor of 378 and 918?
54
What is the greatest common factor of 10 and 688?
2
Calculate the highest common factor of 70 and 1505.
35
What is the greatest common factor of 378 and 486?
54
Calculate the greatest common divisor of 30500 and 244.
244
Calculate the greatest common factor of 32 and 2768.
16
What is the greatest common factor of 232 and 8?
8
What is the greatest common factor of 64 and 104?
8
Calculate the highest common divisor of 143 and 52.
13
Calculate the highest common divisor of 76 and 3439.
19
Calculate the greatest common factor of 3151 and 69.
23
Calculate the greatest common factor of 2500 and 300.
100
What is the highest common divisor of 17 and 4777?
17
What is the greatest common divisor of 198 and 242?
22
What is the greatest common divisor of 680 and 187?
17
Calculate the greatest common divisor of 27 and 864.
27
Calculate the highest common divisor of 216 and 344.
8
Calculate the greatest common divisor of 6012 and 126.
18
Calculate the greatest common factor of 69 and 3197.
23
What is the greatest common factor of 1263 and 4?
1
What is the highest common factor of 825 and 105?
15
Calculate the highest common divisor of 2 and 2102.
2
Calculate the greatest common factor of 12 and 188.
4
What is the greatest common factor of 105 and 705?
15
What is the highest common factor of 4085 and 190?
95
Calculate the highest common divisor of 4 and 1436.
4
What is the greatest common divisor of 15 and 1905?
15
Calculate the greatest common factor of 1771 and 23.
23
Calculate the greatest common divisor of 324 and 228.
12
Calculate the highest common factor of 7008 and 416.
32
Calculate the greatest common divisor of 51 and 578.
17
Calculate the greatest common divisor of 550 and 22.
22
What is the highest common divisor of 44 and 8?
4
What is the highest common factor of 15 and 40?
5
Calculate the highest common divisor of 186 and 1240.
62
What is the greatest common divisor of 1221 and 429?
33
What is the highest common factor of 8362 and 74?
74
What is the greatest common divisor of 75 and 225?
75
What is the highest common divisor of 84 and 348?
12
Calculate the greatest common divisor of 6496 and 256.
32
Calculate the greatest common divisor of 5 and 55.
5
What is the highest common divisor of 20 and 420?
20
Calculate the highest common divisor of 657 and 8103.
219
Calculate the greatest common divisor of 4 and 152.
4
Calculate the highest common divisor of 60 and 10140.
60
What is the highest common divisor of 351 and 429?
39
What is the greatest common factor of 20504 and 32?
8
What is the highest common factor of 162 and 34?
2
What is the highest common factor of 1898 and 1752?
146
What is the highest common divisor of 1326 and 51?
51
What is the greatest common factor of 40 and 85?
5
What is the greatest common divisor of 2560 and 80?
80
Calculate the greatest common divisor of 715 and 1144.
143
Calculate the greatest common factor of 1394 and 340.
34
What is the highest common divisor of 220 and 1485?
55
What is the highest common divisor of 12 and 3028?
4
Calculate the greatest common factor of 3724 and 490.
98
What is the highest common factor of 2183 and 531?
59
Calculate the highest common factor of 1372 and 224.
28
What is the greatest common divisor of 117 and 13?
13
What is the highest common divisor of 24 and 444?
12
What is the highest common divisor of 130 and 3094?
26
What is the highest common factor of 595 and 70?
35
What is the highest common factor of 48 and 712?
8
What is the greatest common factor of 1606 and 5548?
146
Calculate the highest common factor of 174 and 87.
87
What is the greatest common divisor of 30072 and 252?
84
What is the highest common factor of 25 and 95?
5
What is the greatest common factor of 11 and 275?
11
Calculate the greatest common divisor of 3700 and 100.
100
What is the greatest common divisor of 169 and 26?
13
What is the highest common divisor of 669 and 3?
3
Calculate the highest common factor of 2952 and 9.
9
What is the greatest common divisor of 1740 and 480?
60
What is the highest common divisor of 800 and 25?
25
Calculate the highest common factor of 36 and 1692.
36
What is the greatest common factor of 793 and 754?
13
Calculate the highest common factor of 70 and 410.
10
Calculate the highest common divisor of 3 and 666.
3
Calculate the greatest common factor of 9861 and 57.
57
Calculate the greatest common factor of 332 and 1411.
83
What is the highest common divisor of 80 and 2920?
40
Calculate the highest common factor of 1264 and 237.
79
What is the highest common divisor of 156 and 204?
12
Calculate the highest common divisor of 128 and 7232.
64
Calculate the highest common factor of 80 and 848.
16
Calculate the greatest common factor of 224 and 343.
7
What is the greatest common factor of 942 and 11618?
314
Calculate the highest common factor of 15 and 15.
15
Calculate the greatest common factor of 47 and 4230.
47
Calculate the highest common divisor of 1403 and 138.
23
Calculate the highest common divisor of 205 and 164.
41
What is the highest common divisor of 2964 and 52?
52
What is the highest common divisor of 76 and 20?
4
Calculate the highest common divisor of 20 and 295.
5
Calculate the greatest common divisor of 84 and 456.
12
What is the greatest common divisor of 32 and 118?
2
What is the highest common factor of 405 and 891?
81
Calculate the highest common divisor of 910 and 13.
13
Calculate the highest common divisor of 105 and 21420.
105
What is the greatest common factor of 332 and 83?
83
What is the highest common divisor of 2110 and 12027?
211
Calculate the greatest common divisor of 12 and 228.
12
What is the highest common factor of 200 and 2650?
50
Calculate the highest common factor of 1350 and 198.
18
What is the greatest common factor of 90 and 5910?
30
What is the highest common factor of 27 and 585?
9
Calculate the greatest common divisor of 96 and 848.
16
What is the highest common factor of 1 and 17?
1
What is the highest common factor of 17 and 221?
17
Calculate the highest common divisor of 639 and 71.
71
Calculate the highest common divisor of 960 and 1335.
15
Calculate the highest common factor of 800 and 352.
32
Calculate the highest common divisor of 28 and 1778.
14
Calculate the highest common factor of 145 and 1189.
29
Calculate the highest common factor of 30184 and 88.
88
What is the highest common factor of 54 and 17118?
54
What is the highest common divisor of 43 and 17?
1
What is the highest common divisor of 99 and 44?
11
Calculate the highest common divisor of 3683 and 127.
127
What is the highest common factor of 2250 and 1750?
250
What is the greatest common divisor of 99 and 27?
9
Calculate the greatest common factor of 130 and 30.
10
What is the highest common factor of 7421 and 181?
181
What is the highest common divisor of 184 and 216?
8
What is the greatest common factor of 150 and 2130?
30
What is the greatest common factor of 234 and 4?
2
Calculate the highest common divisor of 1161 and 43.
43
What is the highest common factor of 116 and 24708?
116
What is the highest common divisor of 34 and 782?
34
Calculate the highest common divisor of 180 and 20.
20
What is the highest common divisor of 216 and 27?
27
Calculate the greatest common divisor of 16 and 3592.
8
Calculate the highest common factor of 86 and 10.
2
What is the highest common divisor of 2064 and 104?
8
What is the highest common divisor of 708 and 59?
59
What is the greatest common factor of 336 and 48?
48
What is the greatest common divisor of 1862 and 152?
38
Calculate the highest common factor of 112 and 4816.
112
Calculate the highest common factor of 176 and 968.
88
What is the highest common factor of 124 and 16?
4
What is the greatest common factor of 273 and 17472?
273
What is the highest common divisor of 